the greatest common divisor of b and d?
13
Suppose 2*h = -3*q + 281, 12*q + 5*h + 71 = 13*q. Suppose 2*z - 51 = 5*z. Let a = z + 30. Calculate the greatest common factor of q and a.
13
Suppose -5*w = -52 + 32. Suppose -w*q = 3*i - 108, -5*q - i + 116 = -2*i. Calculate the highest common factor of q and 36.
12
Let b(q) = 38*q - 122. Let p be b(4). Calculate the greatest common divisor of 2630 and p.
10
Let c be 24/(-10)*(6 - (-826)/(-21)). Let p be 1/(-8) - (-8)/64. Suppose p = -2*z + 19 + 13. Calculate the greatest common divisor of z and c.
16
Let n be (-6)/((5 - 4)*-1). Let i(q) = -q + 8. Let a be i(n). Suppose a*z = 10, 0 = -2*t + 2*z - z + 13. What is the highest common factor of 3 and t?
3
Let i(u) = 2*u**2 - 3 - 2 + 7137*u - 7143*u. Let w be i(4). What is the highest common factor of w and 27?
3
Let y(f) = 9*f**2 - f + 7. Let d be y(3). Let k be (-26)/(-8) + 2/(-8). Suppose -k*o - 3*o + 102 = 0. What is the greatest common divisor of o and d?
17
Let h(q) = 2639*q**2 + 31*q - 30. Let b be h(1). Calculate the greatest common divisor of 110 and b.
110
Let h = -93 - -102. Let j(k) = k**3 - 7*k**2 + 9*k + 17. Let b be j(h). What is the greatest common divisor of 52 and b?
52
Let w = 172 + -172. Suppose 3*b - 28*b + 325 = w. What is the greatest common factor of b and 13?
13
Let h = 69 - 54. Let u be (-6)/h - 2/(-5)*11. Suppose -u*z = -5*z + 64. Calculate the highest common divisor of 16 and z.
16
Let u = -1646 - -1662. Calculate the greatest common divisor of u and 296.
8
Suppose 180 = 7*w - 149. Let b = 76 - w. Suppose -b*k - 20 = -30*k. What is the greatest common divisor of 30 and k?
10
Suppose 0 = -6243*z + 6290*z - 19176. What is the highest common divisor of z and 264?
24
Let i(y) = 27 + 6 - 289*y + 297*y + 39*y**2 - 5 + 37*y**2. Let s be i(-3). Calculate the highest common factor of 43 and s.
43
Let a = 445 - 534. Suppose -46 - 14 = 2*o + 3*n, 2*o = 4*n - 32. Let z = o - a. What is the greatest common factor of z and 5?
5
Suppose 7*z - 65 = 2*z. Let f = 186 - 178. Suppose 14*k - f*k = 234. Calculate the greatest common factor of z and k.
13
Let w = -865 - -892. Calculate the greatest common factor of w and 1233.
9
Let i(r) = 3*r**2 + 705*r - 5058. Let c be i(-242). Let j(o) = -o**3 - 6*o**2 - 4*o - 8. Let n be j(-6). Calculate the highest common factor of n and c.
8
Let r be (1 + -11)*((-102)/(-4))/(-3). Suppose 5*q + 3*q = 248. Suppose 4*y = 5*i - 93, 4*y + q = i + 6. What is the greatest common divisor of r and i?
17
Let u(l) = -160*l**3 - 2*l**2 - 2*l - 1. Let c be u(-1). Let b = -193761 + 193814. Calculate the greatest common factor of c and b.
53
Suppose 5*g = 2*n - 18, -2*n + 40 = n - g. Let k be 15/35 + 6826/n. Suppose 4*p - 432 = k. What is the highest common divisor of p and 23?
23
Suppose 9*j = 29960 - 99242. Let w be j/(-42) + (-6)/21. Suppose f + w = 5*q - 3*f, -5*q = 3*f - 204. What is the greatest common divisor of 26 and q?
13
Suppose 537*r + 1613 - 74 = 618*r. Suppose z - 249 + 2 = 0. Calculate the highest common divisor of r and z.
19
Let j be (-7)/(-2) + 4/8. Suppose 34 = 5*q - j*u - 2, 4*u - 4 = 0. Suppose -14 = -x - 2*s, 4*x - 3*s = 7 + 16. What is the highest common divisor of x and q?
8
Let h(f) = -9*f - 2. Let q be h(-2). Let m(g) = -2*g**2 - 285*g - 7311. Let u be m(-37). What is the highest common divisor of u and q?
16
Suppose 0 = -5*r + 2*l + 2900, 0 = 25*r - 24*r + 3*l - 563. Calculate the highest common factor of r and 136.
34
Suppose 30*p = 35*p + 40*p - 135. What is the greatest common factor of p and 7131?
3
Let v be ((-28)/5)/(11/275*-5). Calculate the highest common divisor of v and 1808.
4
Suppose -10*x + 826 = 2*x - 326. What is the greatest common factor of 174 and x?
6
Suppose 5*f + 4*f = 702. Suppose f*k + 88 = 86*k. Let l = 92 + -48. Calculate the highest common divisor of l and k.
11
Suppose 16 = 6*r - 2. Suppose 4*q - r + 3 = 0. Let j(g) = -g**3 + 5*g**2 + 13. Let z be j(q). Calculate the highest common factor of z and 117.
13
Suppose -f - 33 + 3 = 0. Let k = 48 + f. Let t = 198 - 36. What is the greatest common factor of t and k?
18
Suppose -5*b + 168 = -3*l - 387, -3*l = b - 129. Calculate the highest common divisor of b and 234.
6
Let c = 37728 - 36084. What is the highest common factor of 24 and c?
12
Suppose -11*r + 4*r = -1071. Let w be (-1864)/(-22) - 513/(-1881). What is the highest common factor of r and w?
17
Suppose -652*f + 669*f = 85. What is the greatest common divisor of f and 34?
1
Suppose 3*d = 2*a + 1641, 9*d + 589 = 10*d + 4*a. Calculate the greatest common factor of 2291 and d.
79
Let m(t) = t**2 - 10*t + 350. Let j be m(29). What is the highest common factor of j and 53?
53
Let v(p) = -2*p**2 - 84*p - 362. Let c be v(-21). What is the greatest common divisor of 585 and c?
65
Let m be 105/15 - -5*(-2)/5 - -3684. Calculate the highest common divisor of m and 357.
119
Let j = -33 + 31. Let c be j/(((-702)/(-24))/(-13) - -2). What is the highest common factor of c and 216?
8
Let t = -31 + 36. Suppose 3*l - t*m - 7 = 0, 3*m + 27 = 4*l + 3. Let b = 26 - -1. What is the highest common divisor of b and l?
9
Let k be 99 + (-35)/10*12/14. What is the greatest common divisor of k and 1032?
24
Let a = -5714 + 8313. Calculate the greatest common factor of a and 92.
23
Suppose 0 = n, -3*r + 211 = n + 13. Let v be 2 + 0/((4 - 9)/(-5)). Suppose v*l - 3*o = 13, -4*o = -3*l + 8 + 13. What is the greatest common factor of r and l?
11
Let d(j) = -3*j - 54. Let k be d(-33). Let s = -43 + k. Calculate the greatest common divisor of s and 3.
1
Let m = -470 + 526. Suppose m*l = 57*l - 256. Calculate the greatest common factor of l and 16.
16
Suppose 3*p + 589 = -2*m + 667, -5*p + 2*m = -82. Let h = 48 + 32. What is the highest common divisor of p and h?
20
Suppose -u - 8*u = 9*u - 270. What is the greatest common divisor of u and 6?
3
Let g be 258/8 - 1/4. Let a = -111 + 367. Calculate the highest common divisor of a and g.
32
Let j = -49 - -9. Let g = -37 - j. Let r = 255 + -253. Calculate the greatest common factor of r and g.
1
Suppose -27 = -3*v + 3*g, -3*v + 5*g + 28 = g. Let l = -192 + 540. Let q = -328 + l. Calculate the greatest common factor of v and q.
4
Let u(t) = 2*t**2 - 173*t + 2979. Let d be u(63). Calculate the greatest common divisor of d and 1323.
9
Suppose 255 = 3*o + 3*p, 2*o - 644*p = -639*p + 177. What is the greatest common factor of 2494 and o?
86
Suppose 0 = g + 2*c + 7 - 12, 0 = -3*c + 15. Let u be 6/g*(-98 - -8). Calculate the highest common factor of u and 36.
36
Let t = 608 + 1992. What is the highest common divisor of 208 and t?
104
Let m be 1041*11 - (-655 + 634). Calculate the highest common divisor of m and 8.
8
Suppose 0 = 5*p + 3*w - 107788, -23058 = -2*p + 4*w + 20078. Suppose -11*i - p = -33*i. Calculate the highest common divisor of 49 and i.
49
Suppose -6*x + 100 = 19*x. Suppose -d = x*b - 7*b - 42, -3*b = -3*d + 156. Calculate the greatest common factor of d and 95.
19
Suppose 429 - 405 = -3*i. Let g be (i/6)/(((-252)/(-297))/(-7)). What is the greatest common factor of 352 and g?
11
Let q be -3*4/30 - 308/(-20). Let f = 10 - q. Let j be (-1 - f) + 1/((-1)/2). What is the highest common factor of 7 and j?
1
Let u = -31775 - -32045. What is the greatest common factor of u and 11205?
135
Let v(j) = -j**3 - 6*j**2 - j + 1. Let g be v(-6). Let t = 22871 - 22815. What is the greatest common factor of t and g?
7
Let s(h) = -4*h**2 - 151*h + 49. Let j be s(-37). What is the greatest common divisor of j and 580?
20
Let q = 8549 + -8409. What is the highest common factor of q and 3010?
70
Let u = -936 + 1269. Calculate the greatest common divisor of u and 9.
9
Suppose 0 = 4*s + 3*t - 4983, 72*s = 76*s + t - 4989. Calculate the highest common factor of s and 260.
52
Let x = 588 - 582. Let j be (-1665)/(-10) + -1 - 3/x. What is the highest common divisor of j and 99?
33
Let m be 0 - 0*4/32. Suppose -2*i = -2*h - 10, 2*i - 3*h + 5*h - 6 = m. What is the highest common factor of 48 and i?
4
Let i(z) = -2*z**3 - 133*z**2 + 68*z + 99. Let o be i(-67). Calculate the highest common divisor of o and 7328.
32
Let d be ((-68)/6)/((-6)/9). Let l(g) = -2*g**3 - 303*g**2 + 764*g - 839. Let f be l(-154). What is the highest common factor of f and d?
17
Suppose -56*v + n + 3511